[INFO] cloning repository https://github.com/mozamimy/repro-sass-sys-build-failure
[INFO] running `Command { std: "git" "-c" "credential.helper=" "-c" "credential.helper=/workspace/cargo-home/bin/git-credential-null" "clone" "--bare" "https://github.com/mozamimy/repro-sass-sys-build-failure" "/workspace/cache/git-repos/https%3A%2F%2Fgithub.com%2Fmozamimy%2Frepro-sass-sys-build-failure", kill_on_drop: false }`
[INFO] [stderr] Cloning into bare repository '/workspace/cache/git-repos/https%3A%2F%2Fgithub.com%2Fmozamimy%2Frepro-sass-sys-build-failure'...
[INFO] running `Command { std: "git" "rev-parse" "HEAD", kill_on_drop: false }`
[INFO] [stdout] e609e9dfa9f40f192092820fa4ea327827543aff
[INFO] checking mozamimy/repro-sass-sys-build-failure against master#af3c6e733a40e671550e0f0f5aeecaa13772ba56 for pr-74989
[INFO] running `Command { std: "git" "clone" "/workspace/cache/git-repos/https%3A%2F%2Fgithub.com%2Fmozamimy%2Frepro-sass-sys-build-failure" "/workspace/builds/worker-12/source", kill_on_drop: false }`
[INFO] [stderr] Cloning into '/workspace/builds/worker-12/source'...
[INFO] [stderr] done.
[INFO] validating manifest of git repo https://github.com/mozamimy/repro-sass-sys-build-failure on toolchain af3c6e733a40e671550e0f0f5aeecaa13772ba56
[INFO] running `Command { std: "/workspace/cargo-home/bin/cargo" "+af3c6e733a40e671550e0f0f5aeecaa13772ba56" "read-manifest" "--manifest-path" "Cargo.toml", kill_on_drop: false }`
[INFO] started tweaking git repo https://github.com/mozamimy/repro-sass-sys-build-failure
[INFO] finished tweaking git repo https://github.com/mozamimy/repro-sass-sys-build-failure
[INFO] tweaked toml for git repo https://github.com/mozamimy/repro-sass-sys-build-failure written to /workspace/builds/worker-12/source/Cargo.toml
[INFO] crate git repo https://github.com/mozamimy/repro-sass-sys-build-failure already has a lockfile, it will not be regenerated
[INFO] running `Command { std: "/workspace/cargo-home/bin/cargo" "+af3c6e733a40e671550e0f0f5aeecaa13772ba56" "fetch" "--locked" "--manifest-path" "Cargo.toml", kill_on_drop: false }`
[INFO] running `Command { std: "docker" "create" "-v" "/var/lib/crater-agent-workspace/builds/worker-12/target:/opt/rustwide/target:rw,Z" "-v" "/var/lib/crater-agent-workspace/builds/worker-12/source:/opt/rustwide/workdir:ro,Z" "-v" "/var/lib/crater-agent-workspace/cargo-home:/opt/rustwide/cargo-home:ro,Z" "-v" "/var/lib/crater-agent-workspace/rustup-home:/opt/rustwide/rustup-home:ro,Z" "-e" "SOURCE_DIR=/opt/rustwide/workdir" "-e" "CARGO_TARGET_DIR=/opt/rustwide/target" "-e" "CARGO_HOME=/opt/rustwide/cargo-home" "-e" "RUSTUP_HOME=/opt/rustwide/rustup-home" "-w" "/opt/rustwide/workdir" "-m" "1610612736" "--user" "0:0" "--network" "none" "rustops/crates-build-env@sha256:d92eaeed33fa75130ca1ee6c8a01d1ffb62bac859dfdfb3450e3e5d1c0146529" "/opt/rustwide/cargo-home/bin/cargo" "+af3c6e733a40e671550e0f0f5aeecaa13772ba56" "metadata" "--no-deps" "--format-version=1", kill_on_drop: false }`
[INFO] [stderr] WARNING: Your kernel does not support swap limit capabilities or the cgroup is not mounted. Memory limited without swap.
[INFO] [stdout] 75f7b3db7e2cbee38a37957a4924388cae0d22c804ceb2ff5ea0b7c6926df821
[INFO] running `Command { std: "docker" "start" "-a" "75f7b3db7e2cbee38a37957a4924388cae0d22c804ceb2ff5ea0b7c6926df821", kill_on_drop: false }`
[INFO] running `Command { std: "docker" "inspect" "75f7b3db7e2cbee38a37957a4924388cae0d22c804ceb2ff5ea0b7c6926df821", kill_on_drop: false }`
[INFO] running `Command { std: "docker" "rm" "-f" "75f7b3db7e2cbee38a37957a4924388cae0d22c804ceb2ff5ea0b7c6926df821", kill_on_drop: false }`
[INFO] [stdout] 75f7b3db7e2cbee38a37957a4924388cae0d22c804ceb2ff5ea0b7c6926df821
[INFO] running `Command { std: "docker" "create" "-v" "/var/lib/crater-agent-workspace/builds/worker-12/target:/opt/rustwide/target:rw,Z" "-v" "/var/lib/crater-agent-workspace/builds/worker-12/source:/opt/rustwide/workdir:ro,Z" "-v" "/var/lib/crater-agent-workspace/cargo-home:/opt/rustwide/cargo-home:ro,Z" "-v" "/var/lib/crater-agent-workspace/rustup-home:/opt/rustwide/rustup-home:ro,Z" "-e" "SOURCE_DIR=/opt/rustwide/workdir" "-e" "CARGO_TARGET_DIR=/opt/rustwide/target" "-e" "CARGO_INCREMENTAL=0" "-e" "RUST_BACKTRACE=full" "-e" "RUSTFLAGS=--cap-lints=forbid" "-e" "CARGO_HOME=/opt/rustwide/cargo-home" "-e" "RUSTUP_HOME=/opt/rustwide/rustup-home" "-w" "/opt/rustwide/workdir" "-m" "1610612736" "--user" "0:0" "--network" "none" "rustops/crates-build-env@sha256:d92eaeed33fa75130ca1ee6c8a01d1ffb62bac859dfdfb3450e3e5d1c0146529" "/opt/rustwide/cargo-home/bin/cargo" "+af3c6e733a40e671550e0f0f5aeecaa13772ba56" "check" "--frozen" "--all" "--all-targets" "--message-format=json", kill_on_drop: false }`
[INFO] [stdout] 3ada3e4a2b605d1d1fd10b006b593adb0e87c326b37ea8bbacc3c8f58ad0b408
[INFO] [stderr] WARNING: Your kernel does not support swap limit capabilities or the cgroup is not mounted. Memory limited without swap.
[INFO] running `Command { std: "docker" "start" "-a" "3ada3e4a2b605d1d1fd10b006b593adb0e87c326b37ea8bbacc3c8f58ad0b408", kill_on_drop: false }`
[INFO] [stderr]    Compiling libc v0.2.54
[INFO] [stderr]    Compiling num_cpus v1.10.0
[INFO] [stderr]    Compiling sass-sys v0.4.8 (https://github.com/mozamimy/sass-rs.git?branch=debug-cpu-num#c6dd9551)
[INFO] [stderr] error: failed to run custom build command for `sass-sys v0.4.8 (https://github.com/mozamimy/sass-rs.git?branch=debug-cpu-num#c6dd9551)`
[INFO] [stderr] 
[INFO] [stderr] Caused by:
[INFO] [stderr]   process didn't exit successfully: `/opt/rustwide/target/debug/build/sass-sys-3194183bc3dd9ec9/build-script-build` (exit code: 101)
[INFO] [stderr]   --- stdout
[INFO] [stderr]   DEBUG: jobs = 16
[INFO] [stderr] 
[INFO] [stderr]   --- stderr
[INFO] [stderr]   thread 'main' panicked at 'Build error:
[INFO] [stderr]   STDERR:src/json.cpp: In function 'char* json_encode_string(const char*)':
[INFO] [stderr]   src/json.cpp:405:15: warning: catching polymorphic type 'class std::exception' by value [-Wcatch-value=]
[INFO] [stderr]     405 |   catch (std::exception) {
[INFO] [stderr]         |               ^~~~~~~~~
[INFO] [stderr]   src/json.cpp: In function 'char* json_stringify(const JsonNode*, const char*)':
[INFO] [stderr]   src/json.cpp:424:15: warning: catching polymorphic type 'class std::exception' by value [-Wcatch-value=]
[INFO] [stderr]     424 |   catch (std::exception) {
[INFO] [stderr]         |               ^~~~~~~~~
[INFO] [stderr]   src/functions.cpp: In function 'void Sass::Functions::handle_utf8_error(const Sass::ParserState&, Sass::Backtraces)':
[INFO] [stderr]   src/functions.cpp:110:20: warning: catching polymorphic type 'class utf8::invalid_code_point' by value [-Wcatch-value=]
[INFO] [stderr]     110 |       catch (utf8::invalid_code_point) {
[INFO] [stderr]         |                    ^~~~~~~~~~~~~~~~~~
[INFO] [stderr]   src/functions.cpp:114:20: warning: catching polymorphic type 'class utf8::not_enough_room' by value [-Wcatch-value=]
[INFO] [stderr]     114 |       catch (utf8::not_enough_room) {
[INFO] [stderr]         |                    ^~~~~~~~~~~~~~~
[INFO] [stderr]   src/functions.cpp:118:20: warning: catching polymorphic type 'class utf8::invalid_utf8' by value [-Wcatch-value=]
[INFO] [stderr]     118 |       catch (utf8::invalid_utf8) {
[INFO] [stderr]         |                    ^~~~~~~~~~~~
[INFO] [stderr]   g++: fatal error: Killed signal terminated program cc1plus
[INFO] [stderr]   compilation terminated.
[INFO] [stderr]   g++: fatal error: Killed signal terminated program cc1plus
[INFO] [stderr]   compilation terminated.
[INFO] [stderr]   make: *** [Makefile:249: src/ast.o] Error 1
[INFO] [stderr]   make: *** Waiting for unfinished jobs....
[INFO] [stderr]   make: *** [Makefile:249: src/bind.o] Error 1
[INFO] [stderr]   g++: fatal error: Killed signal terminated program cc1plus
[INFO] [stderr]   compilation terminated.
[INFO] [stderr]   make: *** [Makefile:249: src/color_maps.o] Error 1
[INFO] [stderr]   g++: fatal error: Killed signal terminated program cc1plus
[INFO] [stderr]   compilation terminated.
[INFO] [stderr]   make: *** [Makefile:249: src/node.o] Error 1
[INFO] [stderr]   g++: fatal error: Killed signal terminated program cc1plus
[INFO] [stderr]   compilation terminated.
[INFO] [stderr]   make: *** [Makefile:249: src/functions.o] Error 1
[INFO] [stderr] 
[INFO] [stderr]   STDOUT:mkdir lib
[INFO] [stderr]   cc -Wall -O2 -DLIBSASS_VERSION="\"3.5.5\"" -I /opt/rustwide/target/debug/build/sass-sys-2550476139e536c6/out/build/include -fPIC -fPIC -c -o src/cencode.o src/cencode.c
[INFO] [stderr]   g++ -Wall -O2 -DLIBSASS_VERSION="\"3.5.5\"" -std=c++0x -I /opt/rustwide/target/debug/build/sass-sys-2550476139e536c6/out/build/include -fPIC -fPIC -c -o src/ast.o src/ast.cpp
[INFO] [stderr]   g++ -Wall -O2 -DLIBSASS_VERSION="\"3.5.5\"" -std=c++0x -I /opt/rustwide/target/debug/build/sass-sys-2550476139e536c6/out/build/include -fPIC -fPIC -c -o src/node.o src/node.cpp
[INFO] [stderr]   g++ -Wall -O2 -DLIBSASS_VERSION="\"3.5.5\"" -std=c++0x -I /opt/rustwide/target/debug/build/sass-sys-2550476139e536c6/out/build/include -fPIC -fPIC -c -o src/context.o src/context.cpp
[INFO] [stderr]   g++ -Wall -O2 -DLIBSASS_VERSION="\"3.5.5\"" -std=c++0x -I /opt/rustwide/target/debug/build/sass-sys-2550476139e536c6/out/build/include -fPIC -fPIC -c -o src/constants.o src/constants.cpp
[INFO] [stderr]   g++ -Wall -O2 -DLIBSASS_VERSION="\"3.5.5\"" -std=c++0x -I /opt/rustwide/target/debug/build/sass-sys-2550476139e536c6/out/build/include -fPIC -fPIC -c -o src/functions.o src/functions.cpp
[INFO] [stderr]   g++ -Wall -O2 -DLIBSASS_VERSION="\"3.5.5\"" -std=c++0x -I /opt/rustwide/target/debug/build/sass-sys-2550476139e536c6/out/build/include -fPIC -fPIC -c -o src/color_maps.o src/color_maps.cpp
[INFO] [stderr]   g++ -Wall -O2 -DLIBSASS_VERSION="\"3.5.5\"" -std=c++0x -I /opt/rustwide/target/debug/build/sass-sys-2550476139e536c6/out/build/include -fPIC -fPIC -c -o src/environment.o src/environment.cpp
[INFO] [stderr]   g++ -Wall -O2 -DLIBSASS_VERSION="\"3.5.5\"" -std=c++0x -I /opt/rustwide/target/debug/build/sass-sys-2550476139e536c6/out/build/include -fPIC -fPIC -c -o src/ast_fwd_decl.o src/ast_fwd_decl.cpp
[INFO] [stderr]   g++ -Wall -O2 -DLIBSASS_VERSION="\"3.5.5\"" -std=c++0x -I /opt/rustwide/target/debug/build/sass-sys-2550476139e536c6/out/build/include -fPIC -fPIC -c -o src/bind.o src/bind.cpp
[INFO] [stderr]   g++ -Wall -O2 -DLIBSASS_VERSION="\"3.5.5\"" -std=c++0x -I /opt/rustwide/target/debug/build/sass-sys-2550476139e536c6/out/build/include -fPIC -fPIC -c -o src/file.o src/file.cpp
[INFO] [stderr]   g++ -Wall -O2 -DLIBSASS_VERSION="\"3.5.5\"" -std=c++0x -I /opt/rustwide/target/debug/build/sass-sys-2550476139e536c6/out/build/include -fPIC -fPIC -c -o src/util.o src/util.cpp
[INFO] [stderr]   g++ -Wall -O2 -DLIBSASS_VERSION="\"3.5.5\"" -std=c++0x -I /opt/rustwide/target/debug/build/sass-sys-2550476139e536c6/out/build/include -fPIC -fPIC -c -o src/json.o src/json.cpp
[INFO] [stderr]   g++ -Wall -O2 -DLIBSASS_VERSION="\"3.5.5\"" -std=c++0x -I /opt/rustwide/target/debug/build/sass-sys-2550476139e536c6/out/build/include -fPIC -fPIC -c -o src/units.o src/units.cpp
[INFO] [stderr]   g++ -Wall -O2 -DLIBSASS_VERSION="\"3.5.5\"" -std=c++0x -I /opt/rustwide/target/debug/build/sass-sys-2550476139e536c6/out/build/include -fPIC -fPIC -c -o src/values.o src/values.cpp
[INFO] [stderr]   g++ -Wall -O2 -DLIBSASS_VERSION="\"3.5.5\"" -std=c++0x -I /opt/rustwide/target/debug/build/sass-sys-2550476139e536c6/out/build/include -fPIC -fPIC -c -o src/plugins.o src/plugins.cpp
[INFO] [stderr]   g++ -Wall -O2 -DLIBSASS_VERSION="\"3.5.5\"" -std=c++0x -I /opt/rustwide/target/debug/build/sass-sys-2550476139e536c6/out/build/include -fPIC -fPIC -c -o src/position.o src/position.cpp
[INFO] [stderr]   g++ -Wall -O2 -DLIBSASS_VERSION="\"3.5.5\"" -std=c++0x -I /opt/rustwide/target/debug/build/sass-sys-2550476139e536c6/out/build/include -fPIC -fPIC -c -o src/lexer.o src/lexer.cpp
[INFO] [stderr]   g++ -Wall -O2 -DLIBSASS_VERSION="\"3.5.5\"" -std=c++0x -I /opt/rustwide/target/debug/build/sass-sys-2550476139e536c6/out/build/include -fPIC -fPIC -c -o src/parser.o src/parser.cpp
[INFO] [stderr]   g++ -Wall -O2 -DLIBSASS_VERSION="\"3.5.5\"" -std=c++0x -I /opt/rustwide/target/debug/build/sass-sys-2550476139e536c6/out/build/include -fPIC -fPIC -c -o src/prelexer.o src/prelexer.cpp
[INFO] [stderr]   g++ -Wall -O2 -DLIBSASS_VERSION="\"3.5.5\"" -std=c++0x -I /opt/rustwide/target/debug/build/sass-sys-2550476139e536c6/out/build/include -fPIC -fPIC -c -o src/eval.o src/eval.cpp
[INFO] [stderr]   g++ -Wall -O2 -DLIBSASS_VERSION="\"3.5.5\"" -std=c++0x -I /opt/rustwide/target/debug/build/sass-sys-2550476139e536c6/out/build/include -fPIC -fPIC -c -o src/expand.o src/expand.cpp
[INFO] [stderr]   g++ -Wall -O2 -DLIBSASS_VERSION="\"3.5.5\"" -std=c++0x -I /opt/rustwide/target/debug/build/sass-sys-2550476139e536c6/out/build/include -fPIC -fPIC -c -o src/listize.o src/listize.cpp
[INFO] [stderr]   ', /opt/rustwide/cargo-home/git/checkouts/sass-rs-cad8e066ed7f6678/c6dd955/sass-sys/build.rs:83:9
[INFO] [stderr]   stack backtrace:
[INFO] [stderr]      0:     0x55d76b3eba10 - std::backtrace_rs::backtrace::libunwind::trace::h452faf99f32e7c93
[INFO] [stderr]                                  at /rustc/af3c6e733a40e671550e0f0f5aeecaa13772ba56/library/std/src/../../backtrace/src/backtrace/libunwind.rs:96
[INFO] [stderr]      1:     0x55d76b3eba10 - std::backtrace_rs::backtrace::trace_unsynchronized::he40edc71437667a1
[INFO] [stderr]                                  at /rustc/af3c6e733a40e671550e0f0f5aeecaa13772ba56/library/std/src/../../backtrace/src/backtrace/mod.rs:66
[INFO] [stderr]      2:     0x55d76b3eba10 - std::sys_common::backtrace::_print_fmt::h6c51d6ade71f46bf
[INFO] [stderr]                                  at /rustc/af3c6e733a40e671550e0f0f5aeecaa13772ba56/library/std/src/sys_common/backtrace.rs:79
[INFO] [stderr]      3:     0x55d76b3eba10 - <std::sys_common::backtrace::_print::DisplayBacktrace as core::fmt::Display>::fmt::h3cd15d7003dec37a
[INFO] [stderr]                                  at /rustc/af3c6e733a40e671550e0f0f5aeecaa13772ba56/library/std/src/sys_common/backtrace.rs:58
[INFO] [stderr]      4:     0x55d76b40a69c - core::fmt::write::h1857a60b204f1b6a
[INFO] [stderr]                                  at /rustc/af3c6e733a40e671550e0f0f5aeecaa13772ba56/library/core/src/fmt/mod.rs:1080
[INFO] [stderr]      5:     0x55d76b3e8b37 - std::io::Write::write_fmt::hac61caff894c35ae
[INFO] [stderr]                                  at /rustc/af3c6e733a40e671550e0f0f5aeecaa13772ba56/library/std/src/io/mod.rs:1517
[INFO] [stderr]      6:     0x55d76b3edc60 - std::sys_common::backtrace::_print::haa2f390fb7957e3e
[INFO] [stderr]                                  at /rustc/af3c6e733a40e671550e0f0f5aeecaa13772ba56/library/std/src/sys_common/backtrace.rs:61
[INFO] [stderr]      7:     0x55d76b3edc60 - std::sys_common::backtrace::print::h48c7cbbad9013bb1
[INFO] [stderr]                                  at /rustc/af3c6e733a40e671550e0f0f5aeecaa13772ba56/library/std/src/sys_common/backtrace.rs:48
[INFO] [stderr]      8:     0x55d76b3edc60 - std::panicking::default_hook::{{closure}}::h8b7ff05a31e71d55
[INFO] [stderr]                                  at /rustc/af3c6e733a40e671550e0f0f5aeecaa13772ba56/library/std/src/panicking.rs:208
[INFO] [stderr]      9:     0x55d76b3ed9ac - std::panicking::default_hook::h2f00c78800d98e4c
[INFO] [stderr]                                  at /rustc/af3c6e733a40e671550e0f0f5aeecaa13772ba56/library/std/src/panicking.rs:227
[INFO] [stderr]     10:     0x55d76b3ee2c3 - std::panicking::rust_panic_with_hook::h4eaa635e4694aef3
[INFO] [stderr]                                  at /rustc/af3c6e733a40e671550e0f0f5aeecaa13772ba56/library/std/src/panicking.rs:577
[INFO] [stderr]     11:     0x55d76b3ede99 - std::panicking::begin_panic_handler::{{closure}}::hec242f1b136b5ff2
[INFO] [stderr]                                  at /rustc/af3c6e733a40e671550e0f0f5aeecaa13772ba56/library/std/src/panicking.rs:484
[INFO] [stderr]     12:     0x55d76b3ebe7c - std::sys_common::backtrace::__rust_end_short_backtrace::h1f3cc383ee6c0374
[INFO] [stderr]                                  at /rustc/af3c6e733a40e671550e0f0f5aeecaa13772ba56/library/std/src/sys_common/backtrace.rs:153
[INFO] [stderr]     13:     0x55d76b3ede59 - rust_begin_unwind
[INFO] [stderr]                                  at /rustc/af3c6e733a40e671550e0f0f5aeecaa13772ba56/library/std/src/panicking.rs:483
[INFO] [stderr]     14:     0x55d76b3ede0b - std::panicking::begin_panic_fmt::hebfdcd945bbd27b1
[INFO] [stderr]                                  at /rustc/af3c6e733a40e671550e0f0f5aeecaa13772ba56/library/std/src/panicking.rs:437
[INFO] [stderr]     15:     0x55d76b3a3b7c - build_script_build::compile::hc1b58d3d1d2e74cb
[INFO] [stderr]                                  at /opt/rustwide/cargo-home/git/checkouts/sass-rs-cad8e066ed7f6678/c6dd955/sass-sys/build.rs:83
[INFO] [stderr]     16:     0x55d76b3a4060 - build_script_build::main::h62baae6cd8f86b10
[INFO] [stderr]                                  at /opt/rustwide/cargo-home/git/checkouts/sass-rs-cad8e066ed7f6678/c6dd955/sass-sys/build.rs:168
[INFO] [stderr]     17:     0x55d76b3a466b - core::ops::function::FnOnce::call_once::h47ebd1895cd6b7f9
[INFO] [stderr]                                  at /rustc/af3c6e733a40e671550e0f0f5aeecaa13772ba56/library/core/src/ops/function.rs:227
[INFO] [stderr]     18:     0x55d76b3a49be - std::sys_common::backtrace::__rust_begin_short_backtrace::h41ebe9e21a79e3b3
[INFO] [stderr]                                  at /rustc/af3c6e733a40e671550e0f0f5aeecaa13772ba56/library/std/src/sys_common/backtrace.rs:137
[INFO] [stderr]     19:     0x55d76b3a4991 - std::rt::lang_start::{{closure}}::hac2d108c7eeb3b1c
[INFO] [stderr]                                  at /rustc/af3c6e733a40e671550e0f0f5aeecaa13772ba56/library/std/src/rt.rs:66
[INFO] [stderr]     20:     0x55d76b3ee6c1 - core::ops::function::impls::<impl core::ops::function::FnOnce<A> for &F>::call_once::hecc21eb9018cc197
[INFO] [stderr]                                  at /rustc/af3c6e733a40e671550e0f0f5aeecaa13772ba56/library/core/src/ops/function.rs:259
[INFO] [stderr]     21:     0x55d76b3ee6c1 - std::panicking::try::do_call::h174ad655d084b5c7
[INFO] [stderr]                                  at /rustc/af3c6e733a40e671550e0f0f5aeecaa13772ba56/library/std/src/panicking.rs:381
[INFO] [stderr]     22:     0x55d76b3ee6c1 - std::panicking::try::h479e6054ce28de10
[INFO] [stderr]                                  at /rustc/af3c6e733a40e671550e0f0f5aeecaa13772ba56/library/std/src/panicking.rs:345
[INFO] [stderr]     23:     0x55d76b3ee6c1 - std::panic::catch_unwind::hb558ddea2b3e9c45
[INFO] [stderr]                                  at /rustc/af3c6e733a40e671550e0f0f5aeecaa13772ba56/library/std/src/panic.rs:382
[INFO] [stderr]     24:     0x55d76b3ee6c1 - std::rt::lang_start_internal::h163149047f0a8b61
[INFO] [stderr]                                  at /rustc/af3c6e733a40e671550e0f0f5aeecaa13772ba56/library/std/src/rt.rs:51
[INFO] [stderr]     25:     0x55d76b3a4967 - std::rt::lang_start::hecb61263ffc5a558
[INFO] [stderr]                                  at /rustc/af3c6e733a40e671550e0f0f5aeecaa13772ba56/library/std/src/rt.rs:65
[INFO] [stderr]     26:     0x55d76b3a409a - main
[INFO] [stderr]     27:     0x7fde17e950b3 - __libc_start_main
[INFO] [stderr]     28:     0x55d76b3a20be - _start
[INFO] [stderr]     29:                0x0 - <unknown>
[INFO] running `Command { std: "docker" "inspect" "3ada3e4a2b605d1d1fd10b006b593adb0e87c326b37ea8bbacc3c8f58ad0b408", kill_on_drop: false }`
[INFO] running `Command { std: "docker" "rm" "-f" "3ada3e4a2b605d1d1fd10b006b593adb0e87c326b37ea8bbacc3c8f58ad0b408", kill_on_drop: false }`
[INFO] [stdout] 3ada3e4a2b605d1d1fd10b006b593adb0e87c326b37ea8bbacc3c8f58ad0b408
